17*f + 82. What is w(24)?
10
Let v(t) = -19*t - 142. Determine v(-7).
-9
Let b(i) = -33*i + 417. What is b(14)?
-45
Let n(v) = -v**3 - 102*v**2 - 2604*v - 346. Calculate n(-49).
-3
Let x(y) = y**2 - 58*y - 242. Calculate x(-4).
6
Let w(r) = r**3 - 10*r**2 + 17*r - 2. Determine w(5).
-42
Let w(s) = 122*s + 752. What is w(-6)?
20
Let r(w) = 18*w**2 - 8*w - 27. Determine r(-3).
159
Let j(x) = -18*x - 447. What is j(-35)?
183
Let n(t) = -t**2 + 17*t - 29. Calculate n(22).
-139
Let c(s) = -6434*s + 32166. What is c(5)?
-4
Let n(r) = 27*r - 303. Give n(11).
-6
Let i(g) = -2*g**3 + 32*g**2 + 29*g + 18. Determine i(17).
-67
Let l(v) = -54*v**2 - 14*v + 1. What is l(-2)?
-187
Let x(a) = 21*a + 12. What is x(-5)?
-93
Let i(o) = -o**2 + 120*o - 2098. Determine i(22).
58
Let y(l) = -l**2 + 38*l - 71. What is y(36)?
1
Let q(p) = -p**3 - 21*p**2 + 4*p - 985. Determine q(-23).
-19
Let b(a) = a**3 - 3*a**2 + 3*a - 21. Determine b(0).
-21
Let y(g) = -2*g**3 - 12*g**2 - 285*g - 1719. What is y(-6)?
-9
Let v(i) = -8*i**3 - 2*i**2 - 3*i + 15. Give v(-4).
507
Let h(p) = -12*p - 756. Calculate h(-64).
12
Let k(r) = -3*r**3 + 46*r**2 + 31*r - 29. Determine k(16).
-45
Let v(t) = 3*t**3 - t**2 + 1. Give v(1).
3
Let r(s) = -3*s**2 - 120*s + 246. Calculate r(-42).
-6
Let a(u) = -2*u**2 - 52*u + 155. What is a(-29)?
-19
Let f(d) = 2*d**3 + 28*d**2 - 20*d + 155. Calculate f(-15).
5
Let x(r) = r**3 + r**2 - 15*r - 53. Determine x(0).
-53
Let c(l) = 41*l - 257. What is c(10)?
153
Let o(i) = 78*i + 1916. Determine o(-25).
-34
Let w(y) = -y**3 - 40*y**2 + 39*y - 101. What is w(-41)?
-19
Let t(l) = -42*l - 172. Calculate t(-4).
-4
Let m(k) = 2*k**3 + 89*k**2 + 431*k + 56. Calculate m(-39).
-22
Let u(h) = -35*h - 10. Calculate u(1).
-45
Let n(h) = -h**3 - 15*h**2 + 43*h + 161. Give n(-17).
8
Let p(y) = -106*y - 90. What is p(-3)?
228
Let j(a) = -52*a + 1830. Give j(34).
62
Let l(m) = m**3 - 17*m**2 + 26*m + 41. Calculate l(15).
-19
Let c(f) = -f**3 - 77*f**2 + 45*f + 9200. Give c(-76).
4
Let o(q) = -95*q**2 + 9499*q + 93. What is o(100)?
-7
Let n(c) = 2*c**3 + c**2 - 124*c - 15. What is n(0)?
-15
Let h(x) = 2556*x - 12794. Give h(5).
-14
Let x(d) = 2*d**2 + 111*d + 1576. Determine x(-34).
114
Let g(v) = -341*v + 332. Determine g(1).
-9
Let o(j) = -321*j - 5771. Calculate o(-18).
7
Let t(z) = -41*z**2 + 9*z + 1. Calculate t(-1).
-49
Let y(r) = 144*r - 1154. Give y(8).
-2
Let o(b) = -242*b + 414. Determine o(2).
-70
Let d(m) = -m**2 + 165*m + 10. Calculate d(0).
10
Let j(a) = -3*a**3 + 442*a**2 - 1018*a + 423. What is j(145)?
-12
Let r(l) = -l**3 - l**2 + 43*l + 66. Give r(-6).
-12
Let r(a) = -2*a**2 - 206*a + 10. Give r(-103).
10
Let o(q) = 10*q**3 - q**2 + 19*q - 33. What is o(2)?
81
Let h(i) = -i**3 - 65*i**2 + 62*i + 4058. Give h(-65).
28
Let g(j) = -j**3 - 69*j**2 + 463*j + 31953. Calculate g(-69).
6
Let o(a) = -2*a**2 + 25*a - 8. Determine o(13).
-21
Let i(b) = -16*b**2 + 67*b + 463. Determine i(8).
-25
Let i(k) = -k**2 - 17*k + 296. Give i(11).
-12
Let u(k) = -k**2 + 39*k - 256. Give u(7).
-32
Let p(g) = -2*g**2 + 22*g - 54. Calculate p(7).
2
Let b(n) = -7438*n + 119007. Determine b(16).
-1
Let l(m) = -49*m - 220. Give l(-7).
123
Let u(b) = -b**3 - 56*b**2 + 51*b - 259. What is u(-57)?
83
Let v(x) = 2*x**2 + 770*x + 18663. Determine v(-359).
-5
Let s(m) = -m**3 - 11*m**2 + 42*m + 533. Calculate s(-10).
13
Let v(z) = 147*z + 14993. Determine v(-102).
-1
Let o(w) = w**3 - 35*w**2 - 140*w - 633. What is o(39)?
-9
Let n(g) = -g**3 - 15*g**2 - 2*g + 91. What is n(-15)?
121
Let d(x) = -x**2 - 4*x + 23. Determine d(16).
-297
Let v(w) = -w**3 - 13*w**2 + 197*w - 22. Calculate v(-22).
0
Let v(d) = d**2 - 41*d + 236. Give v(7).
-2
Let n(r) = -4*r**2 - 8*r - 7. What is n(-6)?
-103
Let y(d) = -77*d**2 - 1001*d - 4. What is y(-13)?
-4
Let x(a) = -151*a + 2285. What is x(15)?
20
Let r(q) = 144*q**2 - 4607*q - 43. Give r(32).
-11
Let w(d) = 677*d + 4074. Calculate w(-6).
12
Let q(z) = 2*z**2 - 27*z - 239. Give q(27).
490
Let j(o) = 27*o + 251. Calculate j(-10).
-19
Let g(a) = -43*a - 119. Determine g(2).
-205
Let z(m) = 2352*m - 6852. Calculate z(3).
204
Let w(h) = 2*h**3 - 352*h**2 - 310*h - 7790. Give w(177).
-2
Let f(x) = 6*x**2 - 355*x + 394. Calculate f(58).
-12
Let t(n) = -55*n - 1879. Calculate t(-34).
-9
Let c(x) = -50*x + 2360. What is c(47)?
10
Let g(z) = z**3 - 10*z**2 + 22*z - 8. What is g(9)?
109
Let x(d) = 12*d**3 + 8*d + 3. Determine x(-2).
-109
Let a(h) = -2*h**3 + 8*h**2 - 10*h - 8. Determine a(6).
-212
Let j(q) = -4*q**3 - 7*q**2 + 3*q + 12. Determine j(-2).
10
Let c(g) = 44*g**2 - 220*g - 6. Determine c(5).
-6
Let y(w) = -13*w**2 - 586*w + 2548. Determine y(4).
-4
Let k(t) = -27*t**2 - 112*t + 7. Give k(-7).
-532
Let m(a) = -a**2 + 9*a - 22. What is m(7)?
-8
Let g(r) = -r**3 + 11*r**2 + 26*r - 67. Determine g(13).
-67
Let g(s) = -s**3 - 11*s**2 - 2412*s - 21550. Give g(-9).
-4
Let f(k) = -k**3 - 32*k**2 - 5*k - 1241. Calculate f(-33).
13
Let z(s) = 5*s**2 + 239*s + 1567. Determine z(-40).
7
Let r(w) = w**2 + 342*w - 2093. Give r(6).
-5
Let v(b) = b**3 - 9*b**2 - 12*b - 229. Give v(12).
59
Let m(b) = -40*b**3 - 2*b**2 + b + 2. Determine m(1).
-39
Let m(t) = 571*t + 1743. What is m(-3)?
30
Let v(n) = 27*n**2 - 375*n + 616. Give v(12).
4
Let m(u) = 225*u + 1. Give m(0).
1
Let g(i) = -30*i**2 - 30*i - 2. Give g(-3).
-182
Let y(o) = 2*o**2 + 174*o + 2158. Determine y(-72).
-2
Let b(x) = 132*x + 3959. What is b(-31)?
-133
Let h(l) = -3*l**2 - 35*l + 36. Calculate h(1).
-2
Let p(z) = -51*z**2 + 2958*z + 162. What is p(58)?
162
Let k(b) = 236*b - 669. Determine k(3).
39
Let w(p) = 4*p**2 + 681*p - 10132. Determine w(-184).
-12
Let g(c) = 295*c - 94703. Give g(321).
-8
Let c(t) = t**3 - 12*t**2 - 106*t + 17. What is c(-6)?
5
Let k(s) = s**3 - 9*s**2 + 83. Determine k(6).
-25
Let j(t) = -t**2 - 36*t - 22. Determine j(-31).
133
Let d(s) = -s**3 + 17*s**2 + 10*s - 23. Determine d(17).
147
Let l(q) = -1074*q + 1162. Determine l(1).
88
Let w(z) = -z**2 - 46*z - 434. Determine w(-30).
46
Let j(c) = -c**3 - 16*c**2 - 15*c + 195. Calculate j(-14).
13
Let m(j) = 2919*j + 5834. What is m(-2)?
-4
Let d(j) = -37*j**3 + j**2 + j - 2. Calculate d(1).
-37
Let l(v) = 2469*v + 19753. Give l(-8).
1
Let h(t) = 4*t**2 + 37*t - 1908. What is h(-27)?
9
Let w(q) = -q**3 - 23*q**2 + 46*q - 102. Calculate w(-25).
-2
Let t(l) = -l**3 - 9*l**2 - 36*l + 1. Give t(-3).
55
Let c(s) = -11*s**2 + 16*s - 11. What is c(1)?
-6
Let o(a) = -a**2 + 98*a - 1170. Give o(85).
-65
Let g(n) = -60*n - 1079. What is g(-11)?
-419
Let v(x) = 62779*x - 313894. Give v(5).
1
Let d(l) = -4*l**2 - 100*l - 8. Determine d(-25).
-8
Let d(j) = j**3 + 52*j**2 + 243*j + 30. Calculate d(-5).
-10
Let f(y) = y**3 + 4*y**2 - 11*y - 51. What is f(-5)?
-21
Let b(a) = -13*a**2 - 1568*a - 955. What is b(-120)?
5
Let c(s) = 3*s**2 + 279*s + 1621. Give c(-6).
55
Let z(t) = 3*t**3 - 13*t**2 - 4*t - 13. Determine z(5).
17
Let w(n) = -42*n + 993. Give w(24).
-15
Let v(q) = 967*q - 7751. Determine v(8).
-15
Let a(x) = -40*x + 53. Calculate a(-6).
293
Let v(l) = l**3 + 30*l**2 + 54*l - 33. What is v(-28)?
23
Let d(s) = 227*s - 23. Give d(2).
431
Let n(x) = 2*x**2 + 70*x - 3. Calculate n(-31).
-251
Let n(p) = p**3 + 8*p**2 - 19*p - 40. Determine n(3).
2
Let i(h) = -h**2 + 174*h - 2024. Calculate i(163).
-231
Let r(q) = 153*q + 766. Give r(-4).
154
Let r(p) = p**3 - 236*p**2 + 34*p - 8023. Determine r(236).
1
Let o(y) = y**2 - 39*y - 1264. What is o(59)?
-84
Let z(j) = 13782*j - 41346. Determine z(3).
0
Let n(m) = -m**2 - 32*m - 96. What is n(-20)?
144
Let u(n) = -n**2 + 3*n + 420. Determine u(23).
-40
Let j(b) = -12*b + 110. Calculate j(21).
-142
Let v(r) = 656*r + 14. What is v(0)?
14
Let p(h) = 3*h**2 - 23*h - 17. Calculate p(11).
93
Let f(h) = -20*h - 534. Determine f(4).
-614
Let r(n) = -n**3 - 26*n**2 - 217*n - 785. What is r(-15)?
-5
Let k(x) = -9*x - 359. Calculate k(-42).
19
Let b(m) = 18*m + 1203. Calculate b(-68).
-21
Let d(v) = -69*v + 6573. What is d(95)?
18
Let q(p) = 56*p**2 + p - 4. Give q(2).
222
Let q(a) = -14*a - 262. Give q(-19).
4
Let f(i) = i**3 - 11*i**2 + 22*i - 9. Give f(2).
-1
Let f(y) = -317*y - 4132. Calculate f(-13).
-11
Let w(m) = -2*m**2 + 157*m - 86. Determine w(76).
294
Let g(w) = -w**2 - 235*w + 2273. Determine g